(-1)). Suppose x - o - v = -2*x, -o = 0. Let w(r) = 2 + 8 - r + 7 - 5. What is w(x)?
7
Let c(t) be the third derivative of 7*t**5/60 + t**2. Suppose 3*b - 4*w - 16 = -0*w, 5*b = -4*w + 16. Suppose 3*o = a, -3*a - 9 + 4 = -b*o. What is c(o)?
7
Let a(v) = -v - 4. Let p(u) = u + 3. Let r(n) = 3*a(n) + 4*p(n). Calculate r(-1).
-1
Let f(o) be the first derivative of -o**2/2 + 2*o - 6. What is f(1)?
1
Let f(l) be the first derivative of 1/3*l**3 - l**2 + l - 1. Suppose -3*m + 2*m = -2. Determine f(m).
1
Suppose 0 = -4*w - 12 - 8. Let a(k) = -k + 21 + 2*k**3 - 18 + 8*k - 3*k**3 - 4*k**2. What is a(w)?
-7
Let g(p) = -8*p**3 + 4 - p**3 - 4*p + 6*p**3. Let w(l) = -4*l**3 - l**2 - 5*l + 4. Let k(j) = 5*g(j) - 4*w(j). Determine k(-4).
4
Let t(b) = 6*b**3 - b - 1. Suppose 0 = 4*h - v + 5, -3*h = 3*v - 5*v + 5. Give t(h).
-6
Let d = 8 + -6. Let r(s) = -s + 0*s - 2 - 6 - d. What is r(-5)?
-5
Let k = 6 + -3. Suppose -3*y - y - k*n = 2, 0 = -y - 2*n - 3. Let i(o) = 320*o - 321*o + 0*o**2 - o**3 + 2*o**2. What is i(y)?
0
Let v(q) be the second derivative of -4*q**3/3 + q**2/2 - q. Let t(w) = 1 + 5*w + 6*w**2 - 3*w**2 - 2*w**2. Let f be t(-5). Give v(f).
-7
Let a(g) be the first derivative of 1/3*g**3 - 4*g - 2*g**2 - 2. Calculate a(3).
-7
Let s(b) be the second derivative of -b**4/12 - 4*b**3/3 - 5*b**2/2 - b. Let a be 5/(-10)*2*4. Determine s(a).
11
Let h(o) = 2*o**2. Let y be 4 + (-34)/10 - (-8)/(-5). Calculate h(y).
2
Let o(h) = h - 6*h**2 + 3*h**2 - 1 - h**3 + 4*h**2 + 3. Suppose 2*i = -i - 5*c, -c = 0. Determine o(i).
2
Let z be ((-5)/3)/(2/6). Let j be 1*z + -4 + 5. Let f(w) = 0 - 4 + 2 - 2*w. Determine f(j).
6
Let k = 10 + -5. Let b(q) be the third derivative of -q**6/120 + q**5/10 - q**4/8 - 5*q**3/6 - 2*q**2. Determine b(k).
5
Let l(m) = -m**2 - 3 + 0*m**2 + 6*m + 2. Suppose 5*r - 2*z - 72 = 0, 5*z - 23 = -3*r + 45. Suppose -3*w + 2*w = 3*n - r, -2*w - 8 = -2*n. Calculate l(n).
4
Let m(l) = 3*l + 3. Let h(d) = -2*d - 2. Let i(a) = -4*h(a) - 3*m(a). Let p = 2 - -9. Suppose 0 = n - 3*n + z - 4, 5*n + p = 2*z. Calculate i(n).
2
Let q = -16 - -19. Let v(r) = -7*r - r**3 - 7 + 6*r**2 + r + 2*r + q. Give v(5).
1
Let z(y) = y**2 - 9*y - 11. Let l(n) = -n - 1. Let m(u) = -5*l(u) + z(u). Let c(t) = 4*t - 42. Let h be c(12). Give m(h).
6
Let v(x) be the first derivative of 2*x**3/3 + x**2/2 + x - 20. Calculate v(-1).
2
Let n(q) = 4*q**2 + q. Let s be n(-1). Let v(a) = -3*a - a**2 + s*a + 2 - 6*a. Give v(-6).
2
Let w(a) = -a**2 - 7. Suppose -3*i - 4 = -i. Let r be 3*i/(-12)*0. Give w(r).
-7
Let l(u) = 3*u**2 - 2*u - u**3 + 4*u - 4*u + 3 - 4. Calculate l(3).
-7
Let q be 4/22 - (-35)/(-11). Let d(o) be the third derivative of -o**5/60 - o**4/6 - o**3/6 + 30*o**2. Calculate d(q).
2
Let f(p) = 3*p**2 - 3*p - 3. Let u be f(-2). Suppose -h - u = 4*h. Let v(x) = -2*x - 308 + 153 + 155. Determine v(h).
6
Let a be -1 - -1 - 1/(-12). Let s(z) be the second derivative of z**2 - z - a*z**4 + 0 - 2/3*z**3. Give s(-4).
2
Let z(d) = -d**3 + 5*d**2 + 7. Let j be z(5). Suppose -y + 10 = -3*u + 27, -3*u - 4*y = -j. Let l(b) = b**2 - 3*b - 3. Calculate l(u).
7
Let t(s) be the third derivative of 0*s**3 + 0*s - 2*s**2 + 0 - 1/24*s**4 + 1/60*s**5. Give t(1).
0
Let m(f) be the first derivative of -f**2/2 - 7*f + 1. Suppose 0 = -p - p. Let o be (-1 - p)/((-1)/(-3)). Calculate m(o).
-4
Let l(m) = -m**3 - 5*m**2 - 3*m + 2. Let d = 0 - 3. Let a be 0 - (d + 0 + 9). Let z = 2 + a. Give l(z).
-2
Suppose 3*a - 3 = 6. Let k(d) = -5*d + 0*d + a*d. What is k(-2)?
4
Let q(n) = -5*n**3 - 2*n**2 + 3*n - 9. Let c(z) = -9*z**3 - 5*z**2 + 7*z - 18. Let j(u) = 6*c(u) - 11*q(u). What is j(7)?
5
Let v be 1/(-1*4/20). Suppose 0 = -b - b + 3*f - 8, 3*b + 6 = 3*f. Let q(z) = -z**b + 0*z**3 - 7*z + 5*z**2 + z**3 - 6. What is q(v)?
4
Let j(u) = -u + 1. Let i(w) = -w**2 + 3*w - 4. Let b(s) = i(s) + 3*j(s). What is b(1)?
-2
Let n(p) be the third derivative of p**6/720 + p**5/40 - p**4/12 + p**2. Let s(f) be the second derivative of n(f). Suppose 4 + 14 = -3*t. What is s(t)?
-3
Suppose -3*o = 2 + 1. Let v be (o - 2)*1/1. Let g(w) be the first derivative of -w**2 + 2*w + 2. What is g(v)?
8
Let q be 1 + 0 - 1*6. Let m(l) = -5*l**2 - 8*l. Let v(d) = -14*d**2 - 23*d + 1. Let t(p) = 11*m(p) - 4*v(p). Give t(q).
1
Let s(q) = q**2 - 7*q - 6. Suppose 0 = 5*p + 12 - 47. What is s(p)?
-6
Let k(o) = -13*o**2 + 33*o - 3. Let y(t) = -3*t**2 + 8*t - 1. Let n(h) = 2*k(h) - 9*y(h). Give n(5).
-2
Let f(i) be the first derivative of i**4/8 - i**2/2 - 1. Let r(p) be the second derivative of f(p). Suppose 1 = 3*u - 4*u. Give r(u).
-3
Let d(i) = 3*i**2 + 3*i - 4. Let p(u) = -u**2 - u + 1. Let n(a) = -3*d(a) - 12*p(a). Give n(-2).
6
Let o be (6/4)/((-2)/(-12)). Let a be (-12)/o*-3 - 2. Let h(d) be the third derivative of d**5/20 - d**4/8 + 8*d**2. Give h(a).
6
Let h be -4 + 1 + -4 + 7. Let j(q) = -q**3 - 2*q - 7*q**2 - 3*q + 6 + h. Give j(-6).
0
Let w(x) = -4*x**3 + 3*x + 0*x**3 - 2*x. Suppose 3*a = k + 7, -2*a = -10*k + 5*k - 22. Determine w(a).
-3
Let v(t) be the third derivative of 3*t**6/40 + t**5/30 + t**4/24 + t**2. Determine v(-1).
-8
Let z(n) = n - 1. Let t be (2/5)/(1/10). Give z(t).
3
Suppose 4*c = -6 - 10. Let a(n) = -n - 9. What is a(c)?
-5
Let z(d) be the second derivative of d - 1/6*d**3 + 0 + 9/2*d**2. Determine z(6).
3
Let f(r) = r**2 - r + 1. Let n(p) = 4*p**2 + 4*p + 5. Let g(u) = -3*f(u) + n(u). Suppose -2*d + 62 = 4*m, 88 = 5*d - 3*m - 2. Let k = 15 - d. Calculate g(k).
-4
Let h(a) = 37*a**2 + a - 5. Let v(i) = 9*i**2 - 1. Let q(z) = 2*h(z) - 9*v(z). Determine q(2).
-25
Let p(z) = z**3 + z + 3. Let l = -17 - -17. Calculate p(l).
3
Let s(g) be the second derivative of 2*g**3/3 - 3*g**2 - 19*g. Give s(5).
14
Let j be 3 + -63 + (1 - 0). Let c = j + 123. Let h be (-4)/14 - c/(-28). Let g(s) = 4*s - 1. What is g(h)?
7
Let n(m) = 2*m**2 + 3*m + 1. Let o be (8/10)/(8/100). Suppose o = -6*q + q. What is n(q)?
3
Let m be (-38)/(-9) + (-4)/18. Let t(p) = p + 4. Let n be t(m). Let x be 20/2*(-4)/n. Let h(l) = l - 3. What is h(x)?
-8
Let x be 1 + 1 + (-3 - (-4 + 4)). Let d(o) = -26*o**3 - 2*o**2 - 2*o - 1. Determine d(x).
25
Let v(p) = p**2 - 5. Let o(s) = 2*s**2 - 10. Let z(x) = -2*o(x) + 5*v(x). Let b be ((-2)/(-4)*0)/2. Calculate z(b).
-5
Let z = -12 - -18. Let q = z + -7. Let c(w) = 13*w**2 - w - 1. Determine c(q).
13
Let p(c) be the second derivative of c**5/20 - c**4/3 + c**2/2 + 8*c. Suppose 0*n = 4*n - 4*m - 36, 0 = 3*n - m - 17. What is p(n)?
1
Let m = 1 + 4. Suppose 0 = -4*z + 3*s + m, z = 6*z - 5*s. Let a(x) = 5. Let n(k) = k + 5. Let p(g) = 3*a(g) - 2*n(g). Give p(z).
-5
Suppose -2 + 18 = 4*d. Suppose -a = 2*a. Suppose t + t - d = a. Let o(q) = 2*q**2 - 4*q + 2. Give o(t).
2
Let b be 3*((-3 - -5) + -1). Let h(x) = 2 + 3*x**2 - 3 + x**2 - 2*x**b - 2*x**2. What is h(1)?
-1
Suppose 2*b = -b - 4*t + 1, 4*t - 9 = 5*b. Let s(h) = -9 + 10 + 7*h**3 + 4*h**3. What is s(b)?
-10
Suppose -y - 8 = -2. Let q(b) be the first derivative of -b**4/4 - 5*b**3/3 + 3*b**2 - 6*b + 4. What is q(y)?
-6
Suppose 5*z = -s + 5, s + 4*s = 2*z - 2. Let q = z + 2. Let l(m) = m**3 - 3*m**2 + 2*m - 1. Calculate l(q).
5
Let l be 138/9 + (-3)/9. Suppose 4*s = -9 - l. Let d(h) = -h**3 - 6*h**2 + h + 1. Calculate d(s).
-5
Suppose 9*i - 14 - 13 = 0. Let b(p) be the first derivative of 1/3*p**3 + p**2 + 2*p + i. What is b(-3)?
5
Let i(v) = -v**2 - 3*v + 8. Let d(k) = -k**2 + 7*k - 6. Let a be d(7). Give i(a).
-10
Suppose 0 = -3*j - 0*j - 4*i + 6, -2*j + 8 = 4*i. Let t(c) be the second derivative of 3/2*c**2 + 1/6*c**3 + 0 - c. Give t(j).
1
Let y(p) = p + 1. Let f(z) = 7*z + 5. Let i(g) = f(g) - 4*y(g). Calculate i(3).
10
Suppose -4*m + 12 = -3*l, 3*l = -4*m + l + 12. Suppose -23 = -m*o - 5. Let u(c) = c**2 - 6*c - 2. Calculate u(o).
-2
Let j be 5/15*12/2. Let n(m) be the second derivative of -1/2*m**3 + 0 + j*m + 0*m**2. What is n(2)?
-6
Let p(u) = -20*u**2 - 2*u + 1. Suppose -5 = -5*r - 2*t - 2, 2*t = -4*r + 2. Give p(r).
-21
Let w(i) be the second derivative of -i**3/6 + i**2/2 + 4*i. Suppose m = -2*r + 7, m = -3*r - r + 9. Determine w(m).
-4
Let t(q) = -q**2 + q. Let a(y) = -y**3 - 3*y**2 - y - 3. Let v = 1 + -4. Let i be a(v). What is t(i)?
0
Let l(d) be the first derivative of -d**4/4 - 2*d**3 - d**2/2 - d - 27. Determine l(-6).
5
Let x(b) = 